{"id":16341,"date":"2023-07-28T12:48:52","date_gmt":"2023-07-28T15:48:52","guid":{"rendered":"https:\/\/coroasfloresbh.com.br\/?post_type=product&#038;p=16341"},"modified":"2023-07-28T12:48:53","modified_gmt":"2023-07-28T15:48:53","slug":"vasos-florais-laterais","status":"publish","type":"product","link":"https:\/\/coroasfloresbh.com.br\/coroas\/produto\/vasos-florais-laterais\/","title":{"rendered":"Vasos Florais Laterais"},"content":{"rendered":"","protected":false},"excerpt":{"rendered":"<p>Os<span style=\"color: #993366;\"><strong> Vasos Florais Laterais<\/strong><\/span> s\u00e3o uma forma delicada e respeitosa de homenagear um ente querido durante o vel\u00f3rio. Com dois belos\u00a0 <span style=\"color: #993366;\"><strong>Arranjos Laterais<\/strong><\/span>, essas flores trazem um toque de serenidade e beleza ao ambiente, oferecendo conforto e paz aos presentes. Cada arranjo \u00e9 cuidadosamente montado para transmitir amor, lembran\u00e7a e apoio durante este momento de despedida. Que essas flores sejam uma lembran\u00e7a das mem\u00f3rias compartilhadas e do carinho que sempre permanecer\u00e1 vivo em nossos cora\u00e7\u00f5es.<\/p>\n","protected":false},"featured_media":16300,"comment_status":"open","ping_status":"closed","template":"","meta":[],"product_brand":[],"product_cat":[113],"product_tag":[78,74,112],"class_list":{"0":"post-16341","1":"product","2":"type-product","3":"status-publish","4":"has-post-thumbnail","6":"product_cat-vasos","7":"product_tag-conjunto-completo-de-flores-de-velorio","8":"product_tag-coroas-para-velorio","9":"product_tag-sala-de-flores","11":"first","12":"instock","13":"shipping-taxable","14":"purchasable","15":"product-type-simple"},"yoast_head":"<!-- This site is optimized with the Yoast SEO plugin v27.0 - https:\/\/yoast.com\/product\/yoast-seo-wordpress\/ -->\n<title>Vasos Florais Laterais - Coroas de flores<\/title>\n<meta name=\"robots\" content=\"index, follow, max-snippet:-1, max-image-preview:large, max-video-preview:-1\" \/>\n<link rel=\"canonical\" href=\"https:\/\/coroasfloresbh.com.br\/coroas\/produto\/vasos-florais-laterais\/\" \/>\n<meta property=\"og:locale\" content=\"pt_BR\" \/>\n<meta property=\"og:type\" content=\"article\" \/>\n<meta property=\"og:title\" content=\"Vasos Florais Laterais - Coroas de flores\" \/>\n<meta property=\"og:description\" content=\"Os Vasos Florais Laterais s\u00e3o uma forma delicada e respeitosa de homenagear um ente querido durante o vel\u00f3rio. Com dois belos\u00a0 Arranjos Laterais, essas flores trazem um toque de serenidade e beleza ao ambiente, oferecendo conforto e paz aos presentes. Cada arranjo \u00e9 cuidadosamente montado para transmitir amor, lembran\u00e7a e apoio durante este momento de despedida. Que essas flores sejam uma lembran\u00e7a das mem\u00f3rias compartilhadas e do carinho que sempre permanecer\u00e1 vivo em nossos cora\u00e7\u00f5es.\" \/>\n<meta property=\"og:url\" content=\"https:\/\/coroasfloresbh.com.br\/coroas\/produto\/vasos-florais-laterais\/\" \/>\n<meta property=\"og:site_name\" content=\"Coroas de flores\" \/>\n<meta property=\"article:modified_time\" content=\"2023-07-28T15:48:53+00:00\" \/>\n<meta property=\"og:image\" content=\"https:\/\/coroasfloresbh.com.br\/wp-content\/uploads\/2023\/06\/botique-de-flores-40.jpg\" \/>\n\t<meta property=\"og:image:width\" content=\"2128\" \/>\n\t<meta property=\"og:image:height\" content=\"1416\" \/>\n\t<meta property=\"og:image:type\" content=\"image\/jpeg\" \/>\n<meta name=\"twitter:card\" content=\"summary_large_image\" \/>\n<script type=\"application\/ld+json\" class=\"yoast-schema-graph\">{\"@context\":\"https:\/\/schema.org\",\"@graph\":[{\"@type\":\"WebPage\",\"@id\":\"https:\/\/coroasfloresbh.com.br\/coroas\/produto\/vasos-florais-laterais\/\",\"url\":\"https:\/\/coroasfloresbh.com.br\/coroas\/produto\/vasos-florais-laterais\/\",\"name\":\"Vasos Florais Laterais - Coroas de flores\",\"isPartOf\":{\"@id\":\"https:\/\/coroasfloresbh.com.br\/coroas\/#website\"},\"primaryImageOfPage\":{\"@id\":\"https:\/\/coroasfloresbh.com.br\/coroas\/produto\/vasos-florais-laterais\/#primaryimage\"},\"image\":{\"@id\":\"https:\/\/coroasfloresbh.com.br\/coroas\/produto\/vasos-florais-laterais\/#primaryimage\"},\"thumbnailUrl\":\"https:\/\/coroasfloresbh.com.br\/wp-content\/uploads\/2023\/06\/botique-de-flores-40.jpg\",\"datePublished\":\"2023-07-28T15:48:52+00:00\",\"dateModified\":\"2023-07-28T15:48:53+00:00\",\"breadcrumb\":{\"@id\":\"https:\/\/coroasfloresbh.com.br\/coroas\/produto\/vasos-florais-laterais\/#breadcrumb\"},\"inLanguage\":\"pt-BR\",\"potentialAction\":[{\"@type\":\"ReadAction\",\"target\":[\"https:\/\/coroasfloresbh.com.br\/coroas\/produto\/vasos-florais-laterais\/\"]}]},{\"@type\":\"ImageObject\",\"inLanguage\":\"pt-BR\",\"@id\":\"https:\/\/coroasfloresbh.com.br\/coroas\/produto\/vasos-florais-laterais\/#primaryimage\",\"url\":\"https:\/\/coroasfloresbh.com.br\/wp-content\/uploads\/2023\/06\/botique-de-flores-40.jpg\",\"contentUrl\":\"https:\/\/coroasfloresbh.com.br\/wp-content\/uploads\/2023\/06\/botique-de-flores-40.jpg\",\"width\":2128,\"height\":1416},{\"@type\":\"BreadcrumbList\",\"@id\":\"https:\/\/coroasfloresbh.com.br\/coroas\/produto\/vasos-florais-laterais\/#breadcrumb\",\"itemListElement\":[{\"@type\":\"ListItem\",\"position\":1,\"name\":\"In\u00edcio\",\"item\":\"https:\/\/coroasfloresbh.com.br\/coroas\/\"},{\"@type\":\"ListItem\",\"position\":2,\"name\":\"Loja\",\"item\":\"https:\/\/coroasfloresbh.com.br\/coroas\/loja\/\"},{\"@type\":\"ListItem\",\"position\":3,\"name\":\"Vasos Florais Laterais\"}]},{\"@type\":\"WebSite\",\"@id\":\"https:\/\/coroasfloresbh.com.br\/coroas\/#website\",\"url\":\"https:\/\/coroasfloresbh.com.br\/coroas\/\",\"name\":\"Coroas de flores\",\"description\":\"Coroa de flores online,venda de coroas de flores\",\"potentialAction\":[{\"@type\":\"SearchAction\",\"target\":{\"@type\":\"EntryPoint\",\"urlTemplate\":\"https:\/\/coroasfloresbh.com.br\/coroas\/?s={search_term_string}\"},\"query-input\":{\"@type\":\"PropertyValueSpecification\",\"valueRequired\":true,\"valueName\":\"search_term_string\"}}],\"inLanguage\":\"pt-BR\"}]}<\/script>\n<!-- \/ Yoast SEO plugin. -->","yoast_head_json":{"title":"Vasos Florais Laterais - Coroas de flores","robots":{"index":"index","follow":"follow","max-snippet":"max-snippet:-1","max-image-preview":"max-image-preview:large","max-video-preview":"max-video-preview:-1"},"canonical":"https:\/\/coroasfloresbh.com.br\/coroas\/produto\/vasos-florais-laterais\/","og_locale":"pt_BR","og_type":"article","og_title":"Vasos Florais Laterais - Coroas de flores","og_description":"Os Vasos Florais Laterais s\u00e3o uma forma delicada e respeitosa de homenagear um ente querido durante o vel\u00f3rio. Com dois belos\u00a0 Arranjos Laterais, essas flores trazem um toque de serenidade e beleza ao ambiente, oferecendo conforto e paz aos presentes. Cada arranjo \u00e9 cuidadosamente montado para transmitir amor, lembran\u00e7a e apoio durante este momento de despedida. Que essas flores sejam uma lembran\u00e7a das mem\u00f3rias compartilhadas e do carinho que sempre permanecer\u00e1 vivo em nossos cora\u00e7\u00f5es.","og_url":"https:\/\/coroasfloresbh.com.br\/coroas\/produto\/vasos-florais-laterais\/","og_site_name":"Coroas de flores","article_modified_time":"2023-07-28T15:48:53+00:00","og_image":[{"width":2128,"height":1416,"url":"https:\/\/coroasfloresbh.com.br\/wp-content\/uploads\/2023\/06\/botique-de-flores-40.jpg","type":"image\/jpeg"}],"twitter_card":"summary_large_image","schema":{"@context":"https:\/\/schema.org","@graph":[{"@type":"WebPage","@id":"https:\/\/coroasfloresbh.com.br\/coroas\/produto\/vasos-florais-laterais\/","url":"https:\/\/coroasfloresbh.com.br\/coroas\/produto\/vasos-florais-laterais\/","name":"Vasos Florais Laterais - Coroas de flores","isPartOf":{"@id":"https:\/\/coroasfloresbh.com.br\/coroas\/#website"},"primaryImageOfPage":{"@id":"https:\/\/coroasfloresbh.com.br\/coroas\/produto\/vasos-florais-laterais\/#primaryimage"},"image":{"@id":"https:\/\/coroasfloresbh.com.br\/coroas\/produto\/vasos-florais-laterais\/#primaryimage"},"thumbnailUrl":"https:\/\/coroasfloresbh.com.br\/wp-content\/uploads\/2023\/06\/botique-de-flores-40.jpg","datePublished":"2023-07-28T15:48:52+00:00","dateModified":"2023-07-28T15:48:53+00:00","breadcrumb":{"@id":"https:\/\/coroasfloresbh.com.br\/coroas\/produto\/vasos-florais-laterais\/#breadcrumb"},"inLanguage":"pt-BR","potentialAction":[{"@type":"ReadAction","target":["https:\/\/coroasfloresbh.com.br\/coroas\/produto\/vasos-florais-laterais\/"]}]},{"@type":"ImageObject","inLanguage":"pt-BR","@id":"https:\/\/coroasfloresbh.com.br\/coroas\/produto\/vasos-florais-laterais\/#primaryimage","url":"https:\/\/coroasfloresbh.com.br\/wp-content\/uploads\/2023\/06\/botique-de-flores-40.jpg","contentUrl":"https:\/\/coroasfloresbh.com.br\/wp-content\/uploads\/2023\/06\/botique-de-flores-40.jpg","width":2128,"height":1416},{"@type":"BreadcrumbList","@id":"https:\/\/coroasfloresbh.com.br\/coroas\/produto\/vasos-florais-laterais\/#breadcrumb","itemListElement":[{"@type":"ListItem","position":1,"name":"In\u00edcio","item":"https:\/\/coroasfloresbh.com.br\/coroas\/"},{"@type":"ListItem","position":2,"name":"Loja","item":"https:\/\/coroasfloresbh.com.br\/coroas\/loja\/"},{"@type":"ListItem","position":3,"name":"Vasos Florais Laterais"}]},{"@type":"WebSite","@id":"https:\/\/coroasfloresbh.com.br\/coroas\/#website","url":"https:\/\/coroasfloresbh.com.br\/coroas\/","name":"Coroas de flores","description":"Coroa de flores online,venda de coroas de flores","potentialAction":[{"@type":"SearchAction","target":{"@type":"EntryPoint","urlTemplate":"https:\/\/coroasfloresbh.com.br\/coroas\/?s={search_term_string}"},"query-input":{"@type":"PropertyValueSpecification","valueRequired":true,"valueName":"search_term_string"}}],"inLanguage":"pt-BR"}]}},"_links":{"self":[{"href":"https:\/\/coroasfloresbh.com.br\/coroas\/wp-json\/wp\/v2\/product\/16341","targetHints":{"allow":["GET"]}}],"collection":[{"href":"https:\/\/coroasfloresbh.com.br\/coroas\/wp-json\/wp\/v2\/product"}],"about":[{"href":"https:\/\/coroasfloresbh.com.br\/coroas\/wp-json\/wp\/v2\/types\/product"}],"replies":[{"embeddable":true,"href":"https:\/\/coroasfloresbh.com.br\/coroas\/wp-json\/wp\/v2\/comments?post=16341"}],"version-history":[{"count":1,"href":"https:\/\/coroasfloresbh.com.br\/coroas\/wp-json\/wp\/v2\/product\/16341\/revisions"}],"predecessor-version":[{"id":16342,"href":"https:\/\/coroasfloresbh.com.br\/coroas\/wp-json\/wp\/v2\/product\/16341\/revisions\/16342"}],"wp:featuredmedia":[{"embeddable":true,"href":"https:\/\/coroasfloresbh.com.br\/coroas\/wp-json\/wp\/v2\/media\/16300"}],"wp:attachment":[{"href":"https:\/\/coroasfloresbh.com.br\/coroas\/wp-json\/wp\/v2\/media?parent=16341"}],"wp:term":[{"taxonomy":"product_brand","embeddable":true,"href":"https:\/\/coroasfloresbh.com.br\/coroas\/wp-json\/wp\/v2\/product_brand?post=16341"},{"taxonomy":"product_cat","embeddable":true,"href":"https:\/\/coroasfloresbh.com.br\/coroas\/wp-json\/wp\/v2\/product_cat?post=16341"},{"taxonomy":"product_tag","embeddable":true,"href":"https:\/\/coroasfloresbh.com.br\/coroas\/wp-json\/wp\/v2\/product_tag?post=16341"}],"curies":[{"name":"wp","href":"https:\/\/api.w.org\/{rel}","templated":true}]}}