{"id":16335,"date":"2023-07-28T12:26:52","date_gmt":"2023-07-28T15:26:52","guid":{"rendered":"https:\/\/coroasfloresbh.com.br\/?post_type=product&#038;p=16335"},"modified":"2025-05-29T18:09:02","modified_gmt":"2025-05-29T21:09:02","slug":"sala-de-flores-esperanca","status":"publish","type":"product","link":"https:\/\/coroasfloresbh.com.br\/coroas\/produto\/sala-de-flores-esperanca\/","title":{"rendered":"Sala de Flores Esperan\u00e7a"},"content":{"rendered":"","protected":false},"excerpt":{"rendered":"<p>A <strong><span style=\"color: #993366;\">Sala de Flores Esperan\u00e7a<\/span><\/strong> \u00e9 um conjunto de flores especialmente criado para prestar uma homenagem calorosa e reconfortante aos entes queridos que partiram. Em meio \u00e0 tristeza e \u00e0 dor da perda, esse conjunto busca oferecer uma mensagem de esperan\u00e7a, conforto e lembran\u00e7a amorosa.<\/p>\n<p>O &#8220;<strong><span style=\"color: #993366;\">Portal de Flores<\/span><\/strong>&#8221; que comp\u00f5e o conjunto \u00e9 uma entrada majestosa e delicada, representando a passagem da vida terrena para al\u00e9m, para um lugar de paz e serenidade. As flores escolhidas para adornar o portal s\u00e3o cuidadosamente selecionadas por sua beleza suave e significado simb\u00f3lico. Esse portal \u00e9 como uma porta que se abre para o reino da mem\u00f3ria e das emo\u00e7\u00f5es compartilhadas, uma forma de lembrar que a pessoa querida estar\u00e1 sempre presente em nossos cora\u00e7\u00f5es.<\/p>\n<p>Os quatro &#8220;<span style=\"color: #993366;\"><strong>Arranjos Florais<\/strong><\/span>&#8221; que acompanham o conjunto s\u00e3o dispostos com carinho e sensibilidade, refletindo a ternura dos momentos vividos com o falecido. As cores escolhidas transmitem paz, harmonia e esperan\u00e7a, e as flores selecionadas evocam a delicadeza da vida e a eternidade da alma. Cada arranjo \u00e9 um tributo ao afeto e aos la\u00e7os inquebr\u00e1veis que permanecem vivos em nossas lembran\u00e7as.<\/p>\n<p>A &#8220;<span style=\"color: #993366;\"><strong>Floreira Central<\/strong><\/span>&#8221; desempenha um papel de destaque no conjunto, representando o amor que nunca se apaga e a saudade que sempre ser\u00e1 sentida. \u00c9 uma homenagem ao falecido e uma lembran\u00e7a de como sua presen\u00e7a iluminou nossas vidas. A Floreira Central \u00e9 o cora\u00e7\u00e3o simb\u00f3lico do conjunto, irradiando a esperan\u00e7a de que as mem\u00f3rias e os sentimentos compartilhados continuar\u00e3o vivos mesmo ap\u00f3s a partida.<\/p>\n<p>Al\u00e9m disso, a <span style=\"color: #993366;\"><strong>Sala de Flores Esperan\u00e7a<\/strong><\/span> tamb\u00e9m inclui tr\u00eas &#8220;<span style=\"color: #993366;\"><strong>Coroas de Flores Afeto<\/strong><\/span>&#8220;. As coroas s\u00e3o um s\u00edmbolo tradicional de honra e respeito aos que partiram, e, neste caso, elas s\u00e3o uma express\u00e3o de afeto, carinho e afei\u00e7\u00e3o profunda. Cada coroa \u00e9 uma manifesta\u00e7\u00e3o do amor que permanece mesmo depois que as palavras se tornam insuficientes para express\u00e1-lo.<\/p>\n","protected":false},"featured_media":16296,"comment_status":"open","ping_status":"closed","template":"","meta":[],"product_brand":[],"product_cat":[111],"product_tag":[78,74,112],"class_list":{"0":"post-16335","1":"product","2":"type-product","3":"status-publish","4":"has-post-thumbnail","6":"product_cat-sala-de-flores","7":"product_tag-conjunto-completo-de-flores-de-velorio","8":"product_tag-coroas-para-velorio","9":"product_tag-sala-de-flores","11":"first","12":"instock","13":"shipping-taxable","14":"purchasable","15":"product-type-simple"},"yoast_head":"<!-- This site is optimized with the Yoast SEO plugin v27.0 - https:\/\/yoast.com\/product\/yoast-seo-wordpress\/ -->\n<title>Sala de Flores Esperan\u00e7a - Coroas de flores<\/title>\n<meta name=\"robots\" content=\"index, follow, max-snippet:-1, max-image-preview:large, max-video-preview:-1\" \/>\n<link rel=\"canonical\" href=\"https:\/\/coroasfloresbh.com.br\/coroas\/produto\/sala-de-flores-esperanca\/\" \/>\n<meta property=\"og:locale\" content=\"pt_BR\" \/>\n<meta property=\"og:type\" content=\"article\" \/>\n<meta property=\"og:title\" content=\"Sala de Flores Esperan\u00e7a - Coroas de flores\" \/>\n<meta property=\"og:description\" content=\"A Sala de Flores Esperan\u00e7a \u00e9 um conjunto de flores especialmente criado para prestar uma homenagem calorosa e reconfortante aos entes queridos que partiram. Em meio \u00e0 tristeza e \u00e0 dor da perda, esse conjunto busca oferecer uma mensagem de esperan\u00e7a, conforto e lembran\u00e7a amorosa.  O &quot;Portal de Flores&quot; que comp\u00f5e o conjunto \u00e9 uma entrada majestosa e delicada, representando a passagem da vida terrena para al\u00e9m, para um lugar de paz e serenidade. As flores escolhidas para adornar o portal s\u00e3o cuidadosamente selecionadas por sua beleza suave e significado simb\u00f3lico. Esse portal \u00e9 como uma porta que se abre para o reino da mem\u00f3ria e das emo\u00e7\u00f5es compartilhadas, uma forma de lembrar que a pessoa querida estar\u00e1 sempre presente em nossos cora\u00e7\u00f5es.  Os quatro &quot;Arranjos Florais&quot; que acompanham o conjunto s\u00e3o dispostos com carinho e sensibilidade, refletindo a ternura dos momentos vividos com o falecido. As cores escolhidas transmitem paz, harmonia e esperan\u00e7a, e as flores selecionadas evocam a delicadeza da vida e a eternidade da alma. Cada arranjo \u00e9 um tributo ao afeto e aos la\u00e7os inquebr\u00e1veis que permanecem vivos em nossas lembran\u00e7as.  A &quot;Floreira Central&quot; desempenha um papel de destaque no conjunto, representando o amor que nunca se apaga e a saudade que sempre ser\u00e1 sentida. \u00c9 uma homenagem ao falecido e uma lembran\u00e7a de como sua presen\u00e7a iluminou nossas vidas. A Floreira Central \u00e9 o cora\u00e7\u00e3o simb\u00f3lico do conjunto, irradiando a esperan\u00e7a de que as mem\u00f3rias e os sentimentos compartilhados continuar\u00e3o vivos mesmo ap\u00f3s a partida.  Al\u00e9m disso, a Sala de Flores Esperan\u00e7a tamb\u00e9m inclui tr\u00eas &quot;Coroas de Flores Afeto&quot;. As coroas s\u00e3o um s\u00edmbolo tradicional de honra e respeito aos que partiram, e, neste caso, elas s\u00e3o uma express\u00e3o de afeto, carinho e afei\u00e7\u00e3o profunda. Cada coroa \u00e9 uma manifesta\u00e7\u00e3o do amor que permanece mesmo depois que as palavras se tornam insuficientes para express\u00e1-lo.\" \/>\n<meta property=\"og:url\" content=\"https:\/\/coroasfloresbh.com.br\/coroas\/produto\/sala-de-flores-esperanca\/\" \/>\n<meta property=\"og:site_name\" content=\"Coroas de flores\" \/>\n<meta property=\"article:modified_time\" content=\"2025-05-29T21:09:02+00:00\" \/>\n<meta property=\"og:image\" content=\"https:\/\/coroasfloresbh.com.br\/wp-content\/uploads\/2023\/06\/botique-de-flores-21.jpg\" \/>\n\t<meta property=\"og:image:width\" content=\"1596\" \/>\n\t<meta property=\"og:image:height\" content=\"1062\" \/>\n\t<meta property=\"og:image:type\" content=\"image\/jpeg\" \/>\n<meta name=\"twitter:card\" content=\"summary_large_image\" \/>\n<script type=\"application\/ld+json\" class=\"yoast-schema-graph\">{\"@context\":\"https:\/\/schema.org\",\"@graph\":[{\"@type\":\"WebPage\",\"@id\":\"https:\/\/coroasfloresbh.com.br\/coroas\/produto\/sala-de-flores-esperanca\/\",\"url\":\"https:\/\/coroasfloresbh.com.br\/coroas\/produto\/sala-de-flores-esperanca\/\",\"name\":\"Sala de Flores Esperan\u00e7a - Coroas de flores\",\"isPartOf\":{\"@id\":\"https:\/\/coroasfloresbh.com.br\/coroas\/#website\"},\"primaryImageOfPage\":{\"@id\":\"https:\/\/coroasfloresbh.com.br\/coroas\/produto\/sala-de-flores-esperanca\/#primaryimage\"},\"image\":{\"@id\":\"https:\/\/coroasfloresbh.com.br\/coroas\/produto\/sala-de-flores-esperanca\/#primaryimage\"},\"thumbnailUrl\":\"https:\/\/coroasfloresbh.com.br\/wp-content\/uploads\/2023\/06\/botique-de-flores-21.jpg\",\"datePublished\":\"2023-07-28T15:26:52+00:00\",\"dateModified\":\"2025-05-29T21:09:02+00:00\",\"breadcrumb\":{\"@id\":\"https:\/\/coroasfloresbh.com.br\/coroas\/produto\/sala-de-flores-esperanca\/#breadcrumb\"},\"inLanguage\":\"pt-BR\",\"potentialAction\":[{\"@type\":\"ReadAction\",\"target\":[\"https:\/\/coroasfloresbh.com.br\/coroas\/produto\/sala-de-flores-esperanca\/\"]}]},{\"@type\":\"ImageObject\",\"inLanguage\":\"pt-BR\",\"@id\":\"https:\/\/coroasfloresbh.com.br\/coroas\/produto\/sala-de-flores-esperanca\/#primaryimage\",\"url\":\"https:\/\/coroasfloresbh.com.br\/wp-content\/uploads\/2023\/06\/botique-de-flores-21.jpg\",\"contentUrl\":\"https:\/\/coroasfloresbh.com.br\/wp-content\/uploads\/2023\/06\/botique-de-flores-21.jpg\",\"width\":1596,\"height\":1062},{\"@type\":\"BreadcrumbList\",\"@id\":\"https:\/\/coroasfloresbh.com.br\/coroas\/produto\/sala-de-flores-esperanca\/#breadcrumb\",\"itemListElement\":[{\"@type\":\"ListItem\",\"position\":1,\"name\":\"In\u00edcio\",\"item\":\"https:\/\/coroasfloresbh.com.br\/coroas\/\"},{\"@type\":\"ListItem\",\"position\":2,\"name\":\"Loja\",\"item\":\"https:\/\/coroasfloresbh.com.br\/coroas\/loja\/\"},{\"@type\":\"ListItem\",\"position\":3,\"name\":\"Sala de Flores Esperan\u00e7a\"}]},{\"@type\":\"WebSite\",\"@id\":\"https:\/\/coroasfloresbh.com.br\/coroas\/#website\",\"url\":\"https:\/\/coroasfloresbh.com.br\/coroas\/\",\"name\":\"Coroas de flores\",\"description\":\"Coroa de flores online,venda de coroas de flores\",\"potentialAction\":[{\"@type\":\"SearchAction\",\"target\":{\"@type\":\"EntryPoint\",\"urlTemplate\":\"https:\/\/coroasfloresbh.com.br\/coroas\/?s={search_term_string}\"},\"query-input\":{\"@type\":\"PropertyValueSpecification\",\"valueRequired\":true,\"valueName\":\"search_term_string\"}}],\"inLanguage\":\"pt-BR\"}]}<\/script>\n<!-- \/ Yoast SEO plugin. -->","yoast_head_json":{"title":"Sala de Flores Esperan\u00e7a - Coroas de flores","robots":{"index":"index","follow":"follow","max-snippet":"max-snippet:-1","max-image-preview":"max-image-preview:large","max-video-preview":"max-video-preview:-1"},"canonical":"https:\/\/coroasfloresbh.com.br\/coroas\/produto\/sala-de-flores-esperanca\/","og_locale":"pt_BR","og_type":"article","og_title":"Sala de Flores Esperan\u00e7a - Coroas de flores","og_description":"A Sala de Flores Esperan\u00e7a \u00e9 um conjunto de flores especialmente criado para prestar uma homenagem calorosa e reconfortante aos entes queridos que partiram. Em meio \u00e0 tristeza e \u00e0 dor da perda, esse conjunto busca oferecer uma mensagem de esperan\u00e7a, conforto e lembran\u00e7a amorosa.  O \"Portal de Flores\" que comp\u00f5e o conjunto \u00e9 uma entrada majestosa e delicada, representando a passagem da vida terrena para al\u00e9m, para um lugar de paz e serenidade. As flores escolhidas para adornar o portal s\u00e3o cuidadosamente selecionadas por sua beleza suave e significado simb\u00f3lico. Esse portal \u00e9 como uma porta que se abre para o reino da mem\u00f3ria e das emo\u00e7\u00f5es compartilhadas, uma forma de lembrar que a pessoa querida estar\u00e1 sempre presente em nossos cora\u00e7\u00f5es.  Os quatro \"Arranjos Florais\" que acompanham o conjunto s\u00e3o dispostos com carinho e sensibilidade, refletindo a ternura dos momentos vividos com o falecido. As cores escolhidas transmitem paz, harmonia e esperan\u00e7a, e as flores selecionadas evocam a delicadeza da vida e a eternidade da alma. Cada arranjo \u00e9 um tributo ao afeto e aos la\u00e7os inquebr\u00e1veis que permanecem vivos em nossas lembran\u00e7as.  A \"Floreira Central\" desempenha um papel de destaque no conjunto, representando o amor que nunca se apaga e a saudade que sempre ser\u00e1 sentida. \u00c9 uma homenagem ao falecido e uma lembran\u00e7a de como sua presen\u00e7a iluminou nossas vidas. A Floreira Central \u00e9 o cora\u00e7\u00e3o simb\u00f3lico do conjunto, irradiando a esperan\u00e7a de que as mem\u00f3rias e os sentimentos compartilhados continuar\u00e3o vivos mesmo ap\u00f3s a partida.  Al\u00e9m disso, a Sala de Flores Esperan\u00e7a tamb\u00e9m inclui tr\u00eas \"Coroas de Flores Afeto\". As coroas s\u00e3o um s\u00edmbolo tradicional de honra e respeito aos que partiram, e, neste caso, elas s\u00e3o uma express\u00e3o de afeto, carinho e afei\u00e7\u00e3o profunda. Cada coroa \u00e9 uma manifesta\u00e7\u00e3o do amor que permanece mesmo depois que as palavras se tornam insuficientes para express\u00e1-lo.","og_url":"https:\/\/coroasfloresbh.com.br\/coroas\/produto\/sala-de-flores-esperanca\/","og_site_name":"Coroas de flores","article_modified_time":"2025-05-29T21:09:02+00:00","og_image":[{"width":1596,"height":1062,"url":"https:\/\/coroasfloresbh.com.br\/wp-content\/uploads\/2023\/06\/botique-de-flores-21.jpg","type":"image\/jpeg"}],"twitter_card":"summary_large_image","schema":{"@context":"https:\/\/schema.org","@graph":[{"@type":"WebPage","@id":"https:\/\/coroasfloresbh.com.br\/coroas\/produto\/sala-de-flores-esperanca\/","url":"https:\/\/coroasfloresbh.com.br\/coroas\/produto\/sala-de-flores-esperanca\/","name":"Sala de Flores Esperan\u00e7a - Coroas de flores","isPartOf":{"@id":"https:\/\/coroasfloresbh.com.br\/coroas\/#website"},"primaryImageOfPage":{"@id":"https:\/\/coroasfloresbh.com.br\/coroas\/produto\/sala-de-flores-esperanca\/#primaryimage"},"image":{"@id":"https:\/\/coroasfloresbh.com.br\/coroas\/produto\/sala-de-flores-esperanca\/#primaryimage"},"thumbnailUrl":"https:\/\/coroasfloresbh.com.br\/wp-content\/uploads\/2023\/06\/botique-de-flores-21.jpg","datePublished":"2023-07-28T15:26:52+00:00","dateModified":"2025-05-29T21:09:02+00:00","breadcrumb":{"@id":"https:\/\/coroasfloresbh.com.br\/coroas\/produto\/sala-de-flores-esperanca\/#breadcrumb"},"inLanguage":"pt-BR","potentialAction":[{"@type":"ReadAction","target":["https:\/\/coroasfloresbh.com.br\/coroas\/produto\/sala-de-flores-esperanca\/"]}]},{"@type":"ImageObject","inLanguage":"pt-BR","@id":"https:\/\/coroasfloresbh.com.br\/coroas\/produto\/sala-de-flores-esperanca\/#primaryimage","url":"https:\/\/coroasfloresbh.com.br\/wp-content\/uploads\/2023\/06\/botique-de-flores-21.jpg","contentUrl":"https:\/\/coroasfloresbh.com.br\/wp-content\/uploads\/2023\/06\/botique-de-flores-21.jpg","width":1596,"height":1062},{"@type":"BreadcrumbList","@id":"https:\/\/coroasfloresbh.com.br\/coroas\/produto\/sala-de-flores-esperanca\/#breadcrumb","itemListElement":[{"@type":"ListItem","position":1,"name":"In\u00edcio","item":"https:\/\/coroasfloresbh.com.br\/coroas\/"},{"@type":"ListItem","position":2,"name":"Loja","item":"https:\/\/coroasfloresbh.com.br\/coroas\/loja\/"},{"@type":"ListItem","position":3,"name":"Sala de Flores Esperan\u00e7a"}]},{"@type":"WebSite","@id":"https:\/\/coroasfloresbh.com.br\/coroas\/#website","url":"https:\/\/coroasfloresbh.com.br\/coroas\/","name":"Coroas de flores","description":"Coroa de flores online,venda de coroas de flores","potentialAction":[{"@type":"SearchAction","target":{"@type":"EntryPoint","urlTemplate":"https:\/\/coroasfloresbh.com.br\/coroas\/?s={search_term_string}"},"query-input":{"@type":"PropertyValueSpecification","valueRequired":true,"valueName":"search_term_string"}}],"inLanguage":"pt-BR"}]}},"_links":{"self":[{"href":"https:\/\/coroasfloresbh.com.br\/coroas\/wp-json\/wp\/v2\/product\/16335","targetHints":{"allow":["GET"]}}],"collection":[{"href":"https:\/\/coroasfloresbh.com.br\/coroas\/wp-json\/wp\/v2\/product"}],"about":[{"href":"https:\/\/coroasfloresbh.com.br\/coroas\/wp-json\/wp\/v2\/types\/product"}],"replies":[{"embeddable":true,"href":"https:\/\/coroasfloresbh.com.br\/coroas\/wp-json\/wp\/v2\/comments?post=16335"}],"version-history":[{"count":1,"href":"https:\/\/coroasfloresbh.com.br\/coroas\/wp-json\/wp\/v2\/product\/16335\/revisions"}],"predecessor-version":[{"id":16336,"href":"https:\/\/coroasfloresbh.com.br\/coroas\/wp-json\/wp\/v2\/product\/16335\/revisions\/16336"}],"wp:featuredmedia":[{"embeddable":true,"href":"https:\/\/coroasfloresbh.com.br\/coroas\/wp-json\/wp\/v2\/media\/16296"}],"wp:attachment":[{"href":"https:\/\/coroasfloresbh.com.br\/coroas\/wp-json\/wp\/v2\/media?parent=16335"}],"wp:term":[{"taxonomy":"product_brand","embeddable":true,"href":"https:\/\/coroasfloresbh.com.br\/coroas\/wp-json\/wp\/v2\/product_brand?post=16335"},{"taxonomy":"product_cat","embeddable":true,"href":"https:\/\/coroasfloresbh.com.br\/coroas\/wp-json\/wp\/v2\/product_cat?post=16335"},{"taxonomy":"product_tag","embeddable":true,"href":"https:\/\/coroasfloresbh.com.br\/coroas\/wp-json\/wp\/v2\/product_tag?post=16335"}],"curies":[{"name":"wp","href":"https:\/\/api.w.org\/{rel}","templated":true}]}}